{"id":1269,"date":"2025-10-29T18:11:29","date_gmt":"2025-10-29T17:11:29","guid":{"rendered":"https:\/\/immobi.co.za\/biuro\/?page_id=1269"},"modified":"2026-03-13T15:46:59","modified_gmt":"2026-03-13T14:46:59","slug":"kalkulator","status":"publish","type":"page","link":"https:\/\/immobi.co.za\/biuro\/kalkulator\/","title":{"rendered":"Kalkulator"},"content":{"rendered":"\n\n<section class=\"block-sell-calculator\">\n\t<div class=\"container-fluid text-white\">\n\t\t<div class=\"block-sell-calculator__block block-sell-hero__block\">\n\t\t\t<div class=\"row no-gutters w-100\">\n\t\t\t\t<div class=\"col-12 col-lg-6 bg-primary d-flex flex-column justify-content-between px-6 px-lg-7 py-8 py-lg-7\">\n\n\t\t\t\t\t<div>\n\t\t\t\t\t\t\t\t\t\t\t\t\t<h1 class=\"display-3 mb-5 pr-lg-10\">Darmowa wycena nieruchomo\u015bci<\/h1>\n\t\t\t\t\t\t\n\t\t\t\t\t\t\n\t\t\t\t\t\t\t\t\t\t\t\t\t<div class=\"fs-20 fs-lg-24 fw-500 lh-13 pr-lg-10\"><p class=\"fs-lg-28 fs-xl-40\">Przed decyzj\u0105 o sprzeda\u017cy warto pozna\u0107 szacowan\u0105 warto\u015b\u0107 swojej nieruchomo\u015bci.<\/p>\n<p class=\"fs-lg-28 fs-xl-38\">Dlatego polecamy Pa\u0144stwu nasz kalkulator.<br \/>\nJest w 100% darmowy i oparty o AI.<\/p>\n<\/div>\n\t\t\t\t\t\t\t\t\t\t\t<\/div>\n\n\t\t\t\t\t<div class=\"mt-8\"><a href=\"#kontakt\" class=\"btn btn-white btn-pill btn-xl maxw-292px w-100 minw-unset d-block d-md-inline-block\">Skontaktuj si\u0119 z nami<\/a><\/div>\t\t\t\t<\/div>\n\t\t\t\t\t\t\t\t<div class=\"col-12 col-lg-6 minh-456px d-flex align-items-center justify-content-center\">\n\t\t\t\t\t<div id=\"widget-container\"><\/div>\n\t\t\t\t<\/div>\n\t\t\t\t\t\t\t<\/div>\n\t\t<\/div>\n\t<\/div>\n<\/section>\n\n\n\n\n<section class=\"block-sell-features\">\n\t<div class=\"container container-1210\">\n\t\t\t\t\t<div class=\"row m-n6\">\n\t\t\t\t\t\t\t\t\t<div class=\"col-12 col-lg-4 p-6 block-sell-features__col\">\n\t\t\t\t\t\t<img decoding=\"async\" src=\"https:\/\/immobi.co.za\/biuro\/wp-content\/uploads\/2021\/08\/1.svg\" class=\"number-badge-img ml-sm-2 mb-5\" alt=\"1\" \/>\t\t\t\t\t\t<img loading=\"lazy\" decoding=\"async\" width=\"96\" height=\"96\" src=\"https:\/\/immobi.co.za\/biuro\/wp-content\/uploads\/2021\/08\/Time.png\" class=\"d-block img-fluid mb-4\" alt=\"zegar\" \/>\t\t\t\t\t\t<h3 class=\"mb-2\">Formularz<\/h3>\n\t\t\t\t\t\t<div class=\"fs-15 lh-12 text-gray-600\"><p>Po jego wype\u0142nieniu algorytm przeanalizuje wszystkie dane (zajmie to tylko chwilk\u0119).<\/p>\n<\/div>\n\t\t\t\t\t<\/div>\n\t\t\t\t\t\t\t\t\t<div class=\"col-12 col-lg-4 p-6 block-sell-features__col\">\n\t\t\t\t\t\t<img decoding=\"async\" src=\"https:\/\/immobi.co.za\/biuro\/wp-content\/uploads\/2021\/08\/2.svg\" class=\"number-badge-img ml-sm-2 mb-5\" alt=\"2\" \/>\t\t\t\t\t\t<img loading=\"lazy\" decoding=\"async\" width=\"96\" height=\"96\" src=\"https:\/\/immobi.co.za\/biuro\/wp-content\/uploads\/2021\/08\/Feedback.png\" class=\"d-block img-fluid mb-4\" alt=\"gwiazdki\" \/>\t\t\t\t\t\t<h3 class=\"mb-2\">Raport<\/h3>\n\t\t\t\t\t\t<div class=\"fs-15 lh-12 text-gray-600\"><p>B\u0119dzie czeka\u0142 na podanym przez Pa\u0144stwa w formularzu e-mailu.<\/p>\n<\/div>\n\t\t\t\t\t<\/div>\n\t\t\t\t\t\t\t\t\t<div class=\"col-12 col-lg-4 p-6 block-sell-features__col\">\n\t\t\t\t\t\t<img decoding=\"async\" src=\"https:\/\/immobi.co.za\/biuro\/wp-content\/uploads\/2021\/08\/3.svg\" class=\"number-badge-img ml-sm-2 mb-5\" alt=\"3\" \/>\t\t\t\t\t\t<img loading=\"lazy\" decoding=\"async\" width=\"90\" height=\"90\" src=\"https:\/\/immobi.co.za\/biuro\/wp-content\/uploads\/2021\/09\/avatar1.png\" class=\"d-block img-fluid mb-4\" alt=\"chat\" \/>\t\t\t\t\t\t<h3 class=\"mb-2\">Porozmawiajmy<\/h3>\n\t\t\t\t\t\t<div class=\"fs-15 lh-12 text-gray-600\"><p>Wycena to dopiero pocz\u0105tek. Reszt\u0105 mo\u017cemy zaj\u0105\u0107 si\u0119 za Pa\u0144stwa.<\/p>\n<\/div>\n\t\t\t\t\t<\/div>\n\t\t\t\t\t\t\t<\/div>\n\t\t\t<\/div>\n<\/section>\n\n\n\n\n<section class=\"block-sell-cta\">\n\t<div class=\"container container-1270 text-white\">\n\t\t<div class=\"block-sell-cta__block bg-black\">\n\t\t\t<div class=\"row no-gutters w-100\">\n\t\t\t\t<div class=\"col-12 col-lg-6 d-flex flex-column justify-content-center px-6 px-lg-9 py-8 py-lg-7\">\n\n\t\t\t\t\t<div>\n\t\t\t\t\t\t\n\t\t\t\t\t\t\t\t\t\t\t\t\t<h4 class=\"h1 mb-4\">Co mo\u017cecie Pa\u0144stwo od nas otrzyma\u0107?<\/h4>\n\t\t\t\t\t\t\n\t\t\t\t\t\t\t\t\t\t\t\t\t<div class=\"fs-18 lh-14 pr-lg-10\"><ul>\n<li>Bezp\u0142atn\u0105 konsultacj\u0119 z naszym agentem<\/li>\n<li>Dost\u0119p do autorskiej aplikacji mobilnej<\/li>\n<li>\u015awietnie przygotowan\u0105 strategi\u0119 i ofert\u0119 sprzeda\u017cy<\/li>\n<li>Opiek\u0119 nad transakcj\u0105 od pocz\u0105tku do ko\u0144ca<\/li>\n<\/ul>\n<p>To i wiele wi\u0119cej.<\/p>\n<\/div>\n\t\t\t\t\t\t\t\t\t\t\t<\/div>\n\n\t\t\t\t\t<div class=\"mt-7 d-flex flex-column flex-md-row flex-lg-column flex-xl-row align-items-center flex-wrap text-center mx-n3 mr-xl-n10 mb-n5\"><a class=\"d-inline-block mb-5 mx-3\" href=\"https:\/\/apps.apple.com\/pl\/app\/immobi\/id1579488959\" target=\"_blank\" rel=\"noopener\"><img loading=\"lazy\" decoding=\"async\" src=\"https:\/\/immobi.co.za\/biuro\/wp-content\/themes\/immoby\/assets\/images\/button-app-store.svg\" class=\"img-fluid d-block\" alt=\"Logo AppStore\" width=\"124\" height=\"38\"><\/a><a class=\"d-inline-block mb-5 mx-3\" href=\"https:\/\/play.google.com\/store\/apps\/details?id=co.za.immobi\" target=\"_blank\" rel=\"noopener\"><img loading=\"lazy\" decoding=\"async\" src=\"https:\/\/immobi.co.za\/biuro\/wp-content\/themes\/immoby\/assets\/images\/button-google-play.png\" class=\"img-fluid d-block\" alt=\"Logo Google Play\" width=\"128\" height=\"38\"><\/a><\/div>\t\t\t\t<\/div>\n\t\t\t\t<div class=\"col-12 col-lg-6 minh-525px\">\n\t\t\t\t\t<div class=\"overlay zindex-0\">\n\t\t\t\t\t\t<div class=\"overlay-inner bg-cover d-lg-none\" style=\"background-image: url(https:\/\/immobi.co.za\/biuro\/wp-content\/uploads\/2021\/07\/2c2dd1f6fe0b19c789223dcbb3e01cb4-992x992.jpg);\"><\/div><div class=\"overlay-inner bg-cover bg-center-left d-none d-lg-block\" style=\"background-image: url(https:\/\/immobi.co.za\/biuro\/wp-content\/uploads\/2021\/07\/sell-cta-bg-992x992.png);\"><\/div>\t\t\t\t\t<\/div>\n\t\t\t\t<\/div>\n\t\t\t<\/div>\n\t\t<\/div>\n\t<\/div>\n<\/section>\n\n\n\n\n<section class=\"block-home-cta overflow-hidden\" id=\"kontakt\">\n\t\t<div class=\"container text-white text-center\">\n\t\t<div class=\"row align-items-stretch\">\n\t\t\t<div class=\"block-home-cta__left col-12 col-lg-6 d-flex align-items-center justify-content-center py-7\">\n\t\t\t\t<div class=\"overlay block-home-cta__overlay-left bg-black\"><\/div>\n\t\t\t\t<a href=\"tel:+48%20575%20595%20800\" class=\"btn btn-primary btn-pill btn-xl d-block d-md-inline-block\">Kliknij i um\u00f3w si\u0119 na spotkanie<\/a>\t\t\t<\/div>\n\t\t\t<div class=\"block-home-cta__right ol-12 col-lg-6 d-flex align-items-center justify-content-center py-7\">\n\t\t\t\t<div class=\"overlay block-home-cta__overlay-right bg-primary\"><\/div>\n\t\t\t\t<div>\n\t\t\t\t\t\t\t\t\t\t\t<p class=\"h2 mb-0\">lub zadzwo\u0144 <\/p>\n\t\t\t\t\t\n\t\t\t\t\t\t\t\t\t\t\t<div class=\"h1 mb-0\">575 595 800<\/div>\n\t\t\t\t\t\t\t\t\t<\/div>\n\t\t\t<\/div>\n\t\t<\/div>\n\t<\/div>\n<\/section>\n\n\n\n<script>\n\/\/ self executing function here\n(function() {\nconst container = document.getElementById(\"widget-container\");\nconst iframe = document.createElement(\"iframe\");\n\niframe.src = \"https:\/\/immobi-widget.rentier.io\/form\";\n\n\/\/ Poprawne ustawienie styl\u00f3w\n iframe.style.border = \"0\";\n iframe.style.width = \"clamp(320px, 100%, 600px)\";\n iframe.style.height = \"clamp(500px, 90vh, 800px)\";\n\n \/\/ Dodanie atrybut\u00f3w bezpiecze\u0144stwa\n iframe.setAttribute(\"loading\", \"lazy\");\n iframe.setAttribute(\"referrerpolicy\", \"strict-origin-when-cross-origin\");\n\n container.appendChild(iframe);\n})();\n<\/script>\n\n<style>\n.block-sell-calculator {\npadding-top: 10px;\npadding-bottom: 18px;\n}\n\n.block-sell-features {\npadding-bottom: 50px !important;\n}\n\n\/* Styl dla kontenera widgetu *\/\n#widget-container {\ndisplay: flex;\njustify-content: center;\nalign-items: center;\nwidth: 100%;\n}\n\/* Styl dla iframe *\/\niframe {\nwidth: clamp(320px, 100%, 600px);\nheight: auto;\nmin-height: 670px;\n}\n\n@media (max-width: 480px) {\niframe {\nmin-height: 720px;\n}\n}\n@media (max-width: 380px) {\niframe {\nmin-height: 970px;\n}\n}\n<\/style>\n\n\n\n<p><\/p>\n","protected":false},"excerpt":{"rendered":"","protected":false},"author":1,"featured_media":0,"parent":0,"menu_order":0,"comment_status":"closed","ping_status":"closed","template":"templates\/template-fullwidth.php","meta":{"_acf_changed":false,"inline_featured_image":false,"footnotes":""},"class_list":["post-1269","page","type-page","status-publish","hentry"],"acf":[],"yoast_head":"<!-- This site is optimized with the Yoast SEO plugin v27.1.1 - https:\/\/yoast.com\/product\/yoast-seo-wordpress\/ -->\n<title>Kalkulator | Immobi<\/title>\n<meta name=\"robots\" content=\"index, follow, max-snippet:-1, max-image-preview:large, max-video-preview:-1\" \/>\n<link rel=\"canonical\" href=\"https:\/\/immobi.co.za\/biuro\/kalkulator\/\" \/>\n<meta property=\"og:locale\" content=\"pl_PL\" \/>\n<meta property=\"og:type\" content=\"article\" \/>\n<meta property=\"og:title\" content=\"Kalkulator | Immobi\" \/>\n<meta property=\"og:url\" content=\"https:\/\/immobi.co.za\/biuro\/kalkulator\/\" \/>\n<meta property=\"og:site_name\" content=\"Immobi\" \/>\n<meta property=\"article:publisher\" content=\"https:\/\/www.facebook.com\/immobi.co.za\" \/>\n<meta property=\"article:modified_time\" content=\"2026-03-13T14:46:59+00:00\" \/>\n<meta name=\"twitter:card\" content=\"summary_large_image\" \/>\n<script type=\"application\/ld+json\" class=\"yoast-schema-graph\">{\"@context\":\"https:\/\/schema.org\",\"@graph\":[{\"@type\":\"WebPage\",\"@id\":\"https:\/\/immobi.co.za\/biuro\/kalkulator\/\",\"url\":\"https:\/\/immobi.co.za\/biuro\/kalkulator\/\",\"name\":\"Kalkulator | Immobi\",\"isPartOf\":{\"@id\":\"https:\/\/immobi.co.za\/biuro\/#website\"},\"datePublished\":\"2025-10-29T17:11:29+00:00\",\"dateModified\":\"2026-03-13T14:46:59+00:00\",\"breadcrumb\":{\"@id\":\"https:\/\/immobi.co.za\/biuro\/kalkulator\/#breadcrumb\"},\"inLanguage\":\"pl-PL\",\"potentialAction\":[{\"@type\":\"ReadAction\",\"target\":[\"https:\/\/immobi.co.za\/biuro\/kalkulator\/\"]}]},{\"@type\":\"BreadcrumbList\",\"@id\":\"https:\/\/immobi.co.za\/biuro\/kalkulator\/#breadcrumb\",\"itemListElement\":[{\"@type\":\"ListItem\",\"position\":1,\"name\":\"Home\",\"item\":\"https:\/\/immobi.co.za\/biuro\/\"},{\"@type\":\"ListItem\",\"position\":2,\"name\":\"Kalkulator\"}]},{\"@type\":\"WebSite\",\"@id\":\"https:\/\/immobi.co.za\/biuro\/#website\",\"url\":\"https:\/\/immobi.co.za\/biuro\/\",\"name\":\"Immobi\",\"description\":\"Ruchliwe Nieruchomo\u015bci\",\"potentialAction\":[{\"@type\":\"SearchAction\",\"target\":{\"@type\":\"EntryPoint\",\"urlTemplate\":\"https:\/\/immobi.co.za\/biuro\/?s={search_term_string}\"},\"query-input\":{\"@type\":\"PropertyValueSpecification\",\"valueRequired\":true,\"valueName\":\"search_term_string\"}}],\"inLanguage\":\"pl-PL\"}]}<\/script>\n<!-- \/ Yoast SEO plugin. -->","yoast_head_json":{"title":"Kalkulator | Immobi","robots":{"index":"index","follow":"follow","max-snippet":"max-snippet:-1","max-image-preview":"max-image-preview:large","max-video-preview":"max-video-preview:-1"},"canonical":"https:\/\/immobi.co.za\/biuro\/kalkulator\/","og_locale":"pl_PL","og_type":"article","og_title":"Kalkulator | Immobi","og_url":"https:\/\/immobi.co.za\/biuro\/kalkulator\/","og_site_name":"Immobi","article_publisher":"https:\/\/www.facebook.com\/immobi.co.za","article_modified_time":"2026-03-13T14:46:59+00:00","twitter_card":"summary_large_image","schema":{"@context":"https:\/\/schema.org","@graph":[{"@type":"WebPage","@id":"https:\/\/immobi.co.za\/biuro\/kalkulator\/","url":"https:\/\/immobi.co.za\/biuro\/kalkulator\/","name":"Kalkulator | Immobi","isPartOf":{"@id":"https:\/\/immobi.co.za\/biuro\/#website"},"datePublished":"2025-10-29T17:11:29+00:00","dateModified":"2026-03-13T14:46:59+00:00","breadcrumb":{"@id":"https:\/\/immobi.co.za\/biuro\/kalkulator\/#breadcrumb"},"inLanguage":"pl-PL","potentialAction":[{"@type":"ReadAction","target":["https:\/\/immobi.co.za\/biuro\/kalkulator\/"]}]},{"@type":"BreadcrumbList","@id":"https:\/\/immobi.co.za\/biuro\/kalkulator\/#breadcrumb","itemListElement":[{"@type":"ListItem","position":1,"name":"Home","item":"https:\/\/immobi.co.za\/biuro\/"},{"@type":"ListItem","position":2,"name":"Kalkulator"}]},{"@type":"WebSite","@id":"https:\/\/immobi.co.za\/biuro\/#website","url":"https:\/\/immobi.co.za\/biuro\/","name":"Immobi","description":"Ruchliwe Nieruchomo\u015bci","potentialAction":[{"@type":"SearchAction","target":{"@type":"EntryPoint","urlTemplate":"https:\/\/immobi.co.za\/biuro\/?s={search_term_string}"},"query-input":{"@type":"PropertyValueSpecification","valueRequired":true,"valueName":"search_term_string"}}],"inLanguage":"pl-PL"}]}},"_links":{"self":[{"href":"https:\/\/immobi.co.za\/biuro\/wp-json\/wp\/v2\/pages\/1269","targetHints":{"allow":["GET"]}}],"collection":[{"href":"https:\/\/immobi.co.za\/biuro\/wp-json\/wp\/v2\/pages"}],"about":[{"href":"https:\/\/immobi.co.za\/biuro\/wp-json\/wp\/v2\/types\/page"}],"author":[{"embeddable":true,"href":"https:\/\/immobi.co.za\/biuro\/wp-json\/wp\/v2\/users\/1"}],"replies":[{"embeddable":true,"href":"https:\/\/immobi.co.za\/biuro\/wp-json\/wp\/v2\/comments?post=1269"}],"version-history":[{"count":108,"href":"https:\/\/immobi.co.za\/biuro\/wp-json\/wp\/v2\/pages\/1269\/revisions"}],"predecessor-version":[{"id":1670,"href":"https:\/\/immobi.co.za\/biuro\/wp-json\/wp\/v2\/pages\/1269\/revisions\/1670"}],"wp:attachment":[{"href":"https:\/\/immobi.co.za\/biuro\/wp-json\/wp\/v2\/media?parent=1269"}],"curies":[{"name":"wp","href":"https:\/\/api.w.org\/{rel}","templated":true}]}}