{"id":884,"date":"2023-01-23T07:45:30","date_gmt":"2023-01-23T06:45:30","guid":{"rendered":"https:\/\/immobi.co.za\/biuro\/?page_id=884"},"modified":"2025-05-14T13:54:21","modified_gmt":"2025-05-14T11:54:21","slug":"sprzedaj-mieszkanie-targowek","status":"publish","type":"page","link":"https:\/\/immobi.co.za\/biuro\/sprzedaj-mieszkanie-targowek\/","title":{"rendered":"Mieszkanie do sprzeda\u017cy | Warszawa Targ\u00f3wek"},"content":{"rendered":"\n<p>Po podj\u0119ciu decyzji o wystawieniu <strong>mieszkania do sprzeda\u017cy<\/strong> w\u0142a\u015bciciel nieruchomo\u015bci staje przed konieczno\u015bci\u0105 dope\u0142nienia wielu formalno\u015bci, przygotowania lokalu do sesji fotograficznej, sporz\u0105dzenia atrakcyjnego opisu, wyszukania najlepszych portali do wystawienia oferty, kontaktowania si\u0119 z potencjalnymi nabywcami, sporz\u0105dzenia umowy\u2026<\/p>\n\n\n\n<p>Jak wida\u0107, sprzeda\u017c mieszkania to zaj\u0119cie czasoch\u0142onne i wymagaj\u0105ce sporych nak\u0142ad\u00f3w pracy. Dlatego te\u017c warto zda\u0107 si\u0119 na specjalist\u00f3w w tym zakresie \u2013 nasze kompleksowe wsparcie b\u0119dzie oznacza\u0107 dla Pa\u0144stwa nie tylko wygod\u0119, ale przede wszystkim gwarancj\u0119, \u017ce proces sprzeda\u017cy przebiegnie w spos\u00f3b bezpieczny.<\/p>\n\n\n\n<p>Rol\u0105 <a href=\"https:\/\/immobi.co.za\/biuro\/\">po\u015brednika nieruchomo\u015bci<\/a> jest czuwanie nad prawid\u0142owo\u015bci\u0105 formalnoprawn\u0105 sporz\u0105dzanej umowy i zabezpieczenie interes\u00f3w Klienta. Zapewnia on tak\u017ce fachowe doradztwo w zakresie m.in. skompletowania dokument\u00f3w niezb\u0119dnych do przeprowadzenia sprzeda\u017cy.<\/p>\n\n\n\n<h2 class=\"wp-block-heading\">Co zapewniamy Klientom planuj\u0105cym sprzeda\u017c mieszkania?<\/h2>\n\n\n\n<p>Je\u015bli maj\u0105 Pa\u0144stwo <strong>mieszkanie do sprzeda\u017cy na Targ\u00f3wku<\/strong> czy w innych cz\u0119\u015bciach Warszawy, zadbamy o jak najszybsze znalezienie nabywcy. Uczciwo\u015b\u0107 i sumienno\u015b\u0107 to warto\u015bci, kt\u00f3rymi podporz\u0105dkowali\u015bmy prac\u0119 naszej agencji. Dbamy o to, by Klienci mieli pe\u0142n\u0105 kontrol\u0119 nad ca\u0142ym procesem. Pomocna jest tu nasza nowoczesna <strong>aplikacja mobilna do sprzeda\u017cy mieszka\u0144<\/strong>. Dzi\u0119ki niej Klient mo\u017ce na bie\u017c\u0105co \u015bledzi\u0107 dzia\u0142ania agenta i sprawdzi\u0107 np. ile by\u0142o zapyta\u0144 o nieruchomo\u015b\u0107.<\/p>\n","protected":false},"excerpt":{"rendered":"<p>Po podj\u0119ciu decyzji o wystawieniu mieszkania do sprzeda\u017cy w\u0142a\u015bciciel nieruchomo\u015bci staje przed konieczno\u015bci\u0105 dope\u0142nienia wielu formalno\u015bci, przygotowania lokalu do sesji fotograficznej, sporz\u0105dzenia atrakcyjnego opisu, wyszukania najlepszych portali do wystawienia oferty, kontaktowania si\u0119 z potencjalnymi nabywcami, sporz\u0105dzenia umowy\u2026 Jak wida\u0107, sprzeda\u017c mieszkania to zaj\u0119cie czasoch\u0142onne i wymagaj\u0105ce sporych nak\u0142ad\u00f3w pracy. Dlatego te\u017c warto zda\u0107 si\u0119 na [&hellip;]<\/p>\n","protected":false},"author":1,"featured_media":0,"parent":0,"menu_order":0,"comment_status":"closed","ping_status":"closed","template":"","meta":{"_acf_changed":false,"inline_featured_image":false,"footnotes":""},"class_list":["post-884","page","type-page","status-publish","hentry"],"acf":[],"yoast_head":"<!-- This site is optimized with the Yoast SEO plugin v27.1.1 - https:\/\/yoast.com\/product\/yoast-seo-wordpress\/ -->\n<title>Mieszkanie do sprzeda\u017cy Warszawa, Targ\u00f3wek \u2013 szeroka oferta<\/title>\n<meta name=\"description\" content=\"Zajmujemy si\u0119 wystawieniem mieszka\u0144 do sprzeda\u017cy. Pomagamy w wycenie nieruchomo\u015bci, sporz\u0105dzamy oferty. Sprawd\u017a, dlaczego warto powierzy\u0107 nam swoje mieszkanie!\" \/>\n<meta name=\"robots\" content=\"index, follow, max-snippet:-1, max-image-preview:large, max-video-preview:-1\" \/>\n<link rel=\"canonical\" href=\"https:\/\/immobi.co.za\/biuro\/sprzedaj-mieszkanie-targowek\/\" \/>\n<meta property=\"og:locale\" content=\"pl_PL\" \/>\n<meta property=\"og:type\" content=\"article\" \/>\n<meta property=\"og:title\" content=\"Mieszkanie do sprzeda\u017cy Warszawa, Targ\u00f3wek \u2013 szeroka oferta\" \/>\n<meta property=\"og:description\" content=\"Zajmujemy si\u0119 wystawieniem mieszka\u0144 do sprzeda\u017cy. Pomagamy w wycenie nieruchomo\u015bci, sporz\u0105dzamy oferty. Sprawd\u017a, dlaczego warto powierzy\u0107 nam swoje mieszkanie!\" \/>\n<meta property=\"og:url\" content=\"https:\/\/immobi.co.za\/biuro\/sprzedaj-mieszkanie-targowek\/\" \/>\n<meta property=\"og:site_name\" content=\"Immobi\" \/>\n<meta property=\"article:publisher\" content=\"https:\/\/www.facebook.com\/immobi.co.za\" \/>\n<meta property=\"article:modified_time\" content=\"2025-05-14T11:54:21+00:00\" \/>\n<meta name=\"twitter:card\" content=\"summary_large_image\" \/>\n<script type=\"application\/ld+json\" class=\"yoast-schema-graph\">{\"@context\":\"https:\/\/schema.org\",\"@graph\":[{\"@type\":\"WebPage\",\"@id\":\"https:\/\/immobi.co.za\/biuro\/sprzedaj-mieszkanie-targowek\/\",\"url\":\"https:\/\/immobi.co.za\/biuro\/sprzedaj-mieszkanie-targowek\/\",\"name\":\"Mieszkanie do sprzeda\u017cy Warszawa, Targ\u00f3wek \u2013 szeroka oferta\",\"isPartOf\":{\"@id\":\"https:\/\/immobi.co.za\/biuro\/#website\"},\"datePublished\":\"2023-01-23T06:45:30+00:00\",\"dateModified\":\"2025-05-14T11:54:21+00:00\",\"description\":\"Zajmujemy si\u0119 wystawieniem mieszka\u0144 do sprzeda\u017cy. Pomagamy w wycenie nieruchomo\u015bci, sporz\u0105dzamy oferty. Sprawd\u017a, dlaczego warto powierzy\u0107 nam swoje mieszkanie!\",\"breadcrumb\":{\"@id\":\"https:\/\/immobi.co.za\/biuro\/sprzedaj-mieszkanie-targowek\/#breadcrumb\"},\"inLanguage\":\"pl-PL\",\"potentialAction\":[{\"@type\":\"ReadAction\",\"target\":[\"https:\/\/immobi.co.za\/biuro\/sprzedaj-mieszkanie-targowek\/\"]}]},{\"@type\":\"BreadcrumbList\",\"@id\":\"https:\/\/immobi.co.za\/biuro\/sprzedaj-mieszkanie-targowek\/#breadcrumb\",\"itemListElement\":[{\"@type\":\"ListItem\",\"position\":1,\"name\":\"Home\",\"item\":\"https:\/\/immobi.co.za\/biuro\/\"},{\"@type\":\"ListItem\",\"position\":2,\"name\":\"Mieszkanie do sprzeda\u017cy | Warszawa Targ\u00f3wek\"}]},{\"@type\":\"WebSite\",\"@id\":\"https:\/\/immobi.co.za\/biuro\/#website\",\"url\":\"https:\/\/immobi.co.za\/biuro\/\",\"name\":\"Immobi\",\"description\":\"Ruchliwe Nieruchomo\u015bci\",\"potentialAction\":[{\"@type\":\"SearchAction\",\"target\":{\"@type\":\"EntryPoint\",\"urlTemplate\":\"https:\/\/immobi.co.za\/biuro\/?s={search_term_string}\"},\"query-input\":{\"@type\":\"PropertyValueSpecification\",\"valueRequired\":true,\"valueName\":\"search_term_string\"}}],\"inLanguage\":\"pl-PL\"}]}<\/script>\n<!-- \/ Yoast SEO plugin. -->","yoast_head_json":{"title":"Mieszkanie do sprzeda\u017cy Warszawa, Targ\u00f3wek \u2013 szeroka oferta","description":"Zajmujemy si\u0119 wystawieniem mieszka\u0144 do sprzeda\u017cy. Pomagamy w wycenie nieruchomo\u015bci, sporz\u0105dzamy oferty. Sprawd\u017a, dlaczego warto powierzy\u0107 nam swoje mieszkanie!","robots":{"index":"index","follow":"follow","max-snippet":"max-snippet:-1","max-image-preview":"max-image-preview:large","max-video-preview":"max-video-preview:-1"},"canonical":"https:\/\/immobi.co.za\/biuro\/sprzedaj-mieszkanie-targowek\/","og_locale":"pl_PL","og_type":"article","og_title":"Mieszkanie do sprzeda\u017cy Warszawa, Targ\u00f3wek \u2013 szeroka oferta","og_description":"Zajmujemy si\u0119 wystawieniem mieszka\u0144 do sprzeda\u017cy. Pomagamy w wycenie nieruchomo\u015bci, sporz\u0105dzamy oferty. Sprawd\u017a, dlaczego warto powierzy\u0107 nam swoje mieszkanie!","og_url":"https:\/\/immobi.co.za\/biuro\/sprzedaj-mieszkanie-targowek\/","og_site_name":"Immobi","article_publisher":"https:\/\/www.facebook.com\/immobi.co.za","article_modified_time":"2025-05-14T11:54:21+00:00","twitter_card":"summary_large_image","schema":{"@context":"https:\/\/schema.org","@graph":[{"@type":"WebPage","@id":"https:\/\/immobi.co.za\/biuro\/sprzedaj-mieszkanie-targowek\/","url":"https:\/\/immobi.co.za\/biuro\/sprzedaj-mieszkanie-targowek\/","name":"Mieszkanie do sprzeda\u017cy Warszawa, Targ\u00f3wek \u2013 szeroka oferta","isPartOf":{"@id":"https:\/\/immobi.co.za\/biuro\/#website"},"datePublished":"2023-01-23T06:45:30+00:00","dateModified":"2025-05-14T11:54:21+00:00","description":"Zajmujemy si\u0119 wystawieniem mieszka\u0144 do sprzeda\u017cy. Pomagamy w wycenie nieruchomo\u015bci, sporz\u0105dzamy oferty. Sprawd\u017a, dlaczego warto powierzy\u0107 nam swoje mieszkanie!","breadcrumb":{"@id":"https:\/\/immobi.co.za\/biuro\/sprzedaj-mieszkanie-targowek\/#breadcrumb"},"inLanguage":"pl-PL","potentialAction":[{"@type":"ReadAction","target":["https:\/\/immobi.co.za\/biuro\/sprzedaj-mieszkanie-targowek\/"]}]},{"@type":"BreadcrumbList","@id":"https:\/\/immobi.co.za\/biuro\/sprzedaj-mieszkanie-targowek\/#breadcrumb","itemListElement":[{"@type":"ListItem","position":1,"name":"Home","item":"https:\/\/immobi.co.za\/biuro\/"},{"@type":"ListItem","position":2,"name":"Mieszkanie do sprzeda\u017cy | Warszawa Targ\u00f3wek"}]},{"@type":"WebSite","@id":"https:\/\/immobi.co.za\/biuro\/#website","url":"https:\/\/immobi.co.za\/biuro\/","name":"Immobi","description":"Ruchliwe Nieruchomo\u015bci","potentialAction":[{"@type":"SearchAction","target":{"@type":"EntryPoint","urlTemplate":"https:\/\/immobi.co.za\/biuro\/?s={search_term_string}"},"query-input":{"@type":"PropertyValueSpecification","valueRequired":true,"valueName":"search_term_string"}}],"inLanguage":"pl-PL"}]}},"_links":{"self":[{"href":"https:\/\/immobi.co.za\/biuro\/wp-json\/wp\/v2\/pages\/884","targetHints":{"allow":["GET"]}}],"collection":[{"href":"https:\/\/immobi.co.za\/biuro\/wp-json\/wp\/v2\/pages"}],"about":[{"href":"https:\/\/immobi.co.za\/biuro\/wp-json\/wp\/v2\/types\/page"}],"author":[{"embeddable":true,"href":"https:\/\/immobi.co.za\/biuro\/wp-json\/wp\/v2\/users\/1"}],"replies":[{"embeddable":true,"href":"https:\/\/immobi.co.za\/biuro\/wp-json\/wp\/v2\/comments?post=884"}],"version-history":[{"count":5,"href":"https:\/\/immobi.co.za\/biuro\/wp-json\/wp\/v2\/pages\/884\/revisions"}],"predecessor-version":[{"id":1197,"href":"https:\/\/immobi.co.za\/biuro\/wp-json\/wp\/v2\/pages\/884\/revisions\/1197"}],"wp:attachment":[{"href":"https:\/\/immobi.co.za\/biuro\/wp-json\/wp\/v2\/media?parent=884"}],"curies":[{"name":"wp","href":"https:\/\/api.w.org\/{rel}","templated":true}]}}